ert -10201 (base 3) to base 6.
-244
What is 31 (base 5) in base 9?
17
b (base 12) to base 13
b
What is -21102 (base 3) in base 12?
-148
Convert -11001 (base 2) to base 13.
-1c
What is -156 (base 7) in base 12?
-76
What is 120 (base 4) in base 11?
22
Convert 42 (base 8) to base 4.
202
Convert -11010 (base 2) to base 3.
-222
What is 24 (base 9) in base 2?
10110
What is 110 (base 3) in base 6?
20
Convert 12 (base 5) to base 13.
7
Convert -25 (base 9) to base 11.
-21
Convert -105 (base 11) to base 13.
-99
Convert 1 (base 12) to base 15.
1
What is 15 (base 6) in base 4?
23
Convert -e (base 16) to base 8.
-16
What is -12 (base 6) in base 12?
-8
2b (base 15) to base 2
101001
What is -15 (base 6) in base 7?
-14
7 (base 14) to base 9
7
6 (base 12) to base 9
6
Convert -1 (base 6) to base 7.
-1
6 (base 11) to base 14
6
What is -13 (base 5) in base 10?
-8
Convert 4 (base 5) to base 3.
11
What is -9 (base 13) in base 8?
-11
What is 101 (base 2) in base 4?
11
Convert 0 (base 16) to base 5.
0
Convert -7 (base 12) to base 13.
-7
Convert 10 (base 5) to base 4.
11
45 (base 11) to base 5
144
-29 (base 14) to base 16
-25
7 (base 15) to base 9
7
0 (base 5) to base 3
0
Convert -10 (base 2) to base 16.
-2
What is 1 (base 5) in base 14?
1
Convert -5 (base 13) to base 12.
-5
-424 (base 10) to base 8
-650
What is 41 (base 5) in base 3?
210
0 (base 3) to base 16
0
Convert c9 (base 15) to base 4.
2331
Convert 7 (base 15) to base 6.
11
22 (base 3) to base 2
1000
What is 4 (base 15) in base 14?
4
1000 (base 2) to base 5
13
-7 (base 15) to base 4
-13
2 (base 12) to base 9
2
Convert 10 (base 3) to base 4.
3
Convert 1 (base 2) to base 12.
1
What is 4c (base 16) in base 3?
2211
What is 6 (base 11) in base 13?
6
What is -14 (base 9) in base 8?
-15
-27 (base 9) to base 5
-100
Convert -34 (base 11) to base 6.
-101
What is 14 (base 10) in base 8?
16
What is -8 (base 13) in base 10?
-8
Convert -72 (base 16) to base 4.
-1302
Convert b (base 15) to base 2.
1011
Convert 21 (base 4) to base 14.
9
-11 (base 5) to base 8
-6
Convert 11 (base 5) to base 15.
6
-25 (base 6) to base 11
-16
4 (base 16) to base 9
4
Convert 12 (base 15) to base 10.
17
-32 (base 9) to base 8
-35
Convert 12 (base 11) to base 6.
21
What is 30 (base 4) in base 16?
c
Convert -ab (base 12) to base 16.
-83
Convert -4 (base 9) to base 10.
-4
Convert 1000100 (base 2) to base 4.
1010
154 (base 7) to base 4
1120
Convert -34 (base 14) to base 4.
-232
Convert 11001 (base 3) to base 13.
85
What is 0 (base 16) in base 12?
0
Convert -10 (base 16) to base 10.
-16
What is 5 (base 6) in base 12?
5
What is -3 (base 13) in base 15?
-3
Convert 152 (base 12) to base 6.
542
Convert 85 (base 13) to base 15.
74
What is 4 (base 13) in base 10?
4
Convert -13 (base 11) to base 4.
-32
-3 (base 4) to base 12
-3
-35 (base 15) to base 13
-3b
What is -12 (base 5) in base 12?
-7
What is 31 (base 12) in base 15?
27
What is 3 (base 15) in base 10?
3
Convert -71 (base 8) to base 15.
-3c
Convert -31 (base 8) to base 5.
-100
-209 (base 12) to base 15
-14c
564 (base 8) to base 14
1c8
Convert -404 (base 7) to base 9.
-242
Convert -54 (base 7) to base 14.
-2b
210 (base 8) to base 9
161
-111011 (base 2) to base 4
-323
What is -12 (base 12) in base 7?
-20
Convert f (base 16) to base 3.
120
Convert -1 (base 4) to base 13.
-1
-37 (base 10) to base 7
-52
What is 22 (base 14) in base 12?
26
Convert -67 (base 15) to base 8.
-141
-1c (base 16) to base 3
-1001
Convert 6 (base 12) to base 11.
6
Convert 6 (base 14) to base 15.
6
Convert 58 (base 11) to base 2.
111111
Convert 2 (base 9) to base 6.
2
What is 0 (base 16) in base 9?
0
Convert 49 (base 13) to base 8.
75
-5 (base 7) to base 3
-12
Convert 1a8 (base 11) to base 10.
239
What is 322 (base 4) in base 16?
3a
Convert 4 (base 11) to base 8.
4
-11 (base 11) to base 6
-20
Convert -10101 (base 2) to base 10.
-21
What is 0 (base 11) in base 16?
0
What is 1 (base 2) in base 3?
1
What is -10221 (base 3) in base 16?
-6a
-7 (base 15) to base 8
-7
1331 (base 5) to base 10
216
-237 (base 9) to base 6
-524
What is 2a (base 15) in base 16?
28
a5 (base 12) to base 2
1111101
What is 1 (base 14) in base 3?
1
Convert -50 (base 10) to base 8.
-62
-1 (base 13) to base 12
-1
Convert -24 (base 10) to base 14.
-1a
-33 (base 14) to base 7
-63
Convert 2 (base 13) to base 12.
2
What is -8 (base 15) in base 10?
-8
Convert -4 (base 7) to base 16.
-4
Convert 2 (base 14) to base 2.
10
Convert 111 (base 4) to base 11.
1a
31 (base 5) to base 15
11
Convert -1 (base 9) to base 5.
-1
Convert -4 (base 15) to base 3.
-11
What is -1 (base 14) in base 10?
-1
What is -10020 (base 3) in base 5?
-322
-1000 (base 4) to base 7
-121
Convert 32 (base 4) to base 9.
15
Convert 13 (base 7) to base 14.
a
Convert a (base 11) to base 14.
a
-40 (base 9) to base 2
-100100
-48 (base 15) to base 5
-233
What is 2 (base 16) in base 13?
2
Convert 11 (base 2) to base 10.
3
-2 (base 7) to base 10
-2
13 (base 6) to base 9
10
Convert -151 (base 6) to base 3.
-2111
Convert -2122 (base 3) to base 9.
-78
What is 6 (base 8) in base 10?
6
-1 (base 7) to base 5
-1
Convert -104 (base 7) to base 9.
-58
1 (base 2) to base 9
1
Convert -16 (base 7) to base 2.
-1101
Convert -1 (base 12) to base 9.
-1
What is -a (base 12) in base 9?
-11
Convert -64 (base 7) to base 6.
-114
Convert 416 (base 7) to base 16.
d1
Convert 7a (base 15) to base 9.
137
8 (base 13) to base 11
8
What is -1010 (base 2) in base 3?
-101
What is -4 (base 5) in base 2?
-100
10 (base 8) to base 13
8
What is 133 (base 16) in base 11?
25a
-42 (base 12) to base 15
-35
Convert -10 (base 9) to base 11.
-9
What is -13 (base 8) in base 14?
-b
16 (base 7) to base 3
111
Convert 89 (base 16) to base 8.
211
What is 10000011 (base 2) in base 13?
a1
Convert b6 (base 15) to base 7.
333
What is -343 (base 6) in base 12?
-b3
What is -135 (base 9) in base 5?
-423
Convert 5 (base 8) to base 6.
5
What is -21 (base 16) in base 2?
-100001
Convert -2 (base 9) to base 14.
-2
What is -63 (base 14) in base 4?
-1113
What is 25 (base 15) in base 2?
100011
What is 11 (base 8) in base 12?
9
Convert 15 (base 6) to base 11.
10
What is 114 (base 6) in base 4?
232
What is 1 (base 11) in base 16?
1
1 (base 6) to base 15
1
-11 (base 2) to base 3
-10
11101 (base 2) to base 12
25
What is 142 (base 5) in base 4?
233
Convert 56 (base 16) to base 4.
1112
36 (base 16) to base 7
105
What is -46 (base 8) in base 6?
-102
What is -5 (base 13) in base 3?
-12
-45 (base 15) to base 4
-1001
-192 (base 15) to base 11
-2aa
3 (base 7) to base 15
3
What is 120 (base 3) in base 6?
23
Convert 5 (base 8) to base 13.
5
Convert 24 (base 9) to base 10.
22
What is 2222 (base 3) in base 9?
88
320 (base 4) to base 5
211
-47 (base 15) to base 10
-67
Convert 1 (base 2) to base 15.
1
What is -32 (base 16) in base 12?
-42
9 (base 10) to base 3
100
What is -22 (base 4) in base 11?
-a
3 (base 10) to base 15
3
1e (base 16) to base 3
1010
-7 (base 10) to base 7
-10
What is 1c (base 15) in base 7?
36
Convert 110 (base 5) to base 16.
1e
10 (base 5) to base 12
5
Convert -3 (base 14) to base 15.
-3
What is -250 (base 7) in base 8?
-205
Convert 3 (base 7) to base 12.
3
Convert -223 (base 11) to base 12.
-1a3
Convert -4 (base 9) to base 16.
-4
What is -6 (base 7) in base 2?
-110
Convert -3 (base 13) to base 12.
-3
Convert -101022 (base 3) to base 4.
-10112
What is 120 (base 3) in base 13?
12
Convert 5 (base 7) to base 13.
5
Convert 37 (base 10) to base 12.
31
What is -1 (base 13) in base 7?
-1
33 (base 11) to base 13
2a
What is 5 (base 7) in base 10?
5
What is -504 (base 7) in base 3?
-100020
Convert -21 (base 15) to base 2.
-11111
What is -1 (base 6) in base 15?
-1
What is -3 (base 8) in base 13?
-3
Convert -9 (base 15) to base 2.
-1001
15 (base 6) to base 5
21
-21 (base 16) to base 9
-36
Convert -11 (base 6) to base 3.
-21
Convert -230 (base 4) to base 13.
-35
What is -3 (base 15) in base 8?
-3
-cc (base 16) to base 5
-1304
26 (base 13) to base 2
100000
What is -1 (base 3) in base 13?
-1
Convert -b (base 16) to base 15.
-b
What is 31 (base 7) in base 6?
34
What is 42 (base 8) in base 12?
2a
What is 1303 (base 4) in base 8?
163
What is -2222 (base 3) in base 7?
-143
103 (base 6) to base 5
124
-34 (base 14) to base 7
-64
What is -4 (base 15) in base 7?
-4
Convert 3 (base 10) to base 6.
3